he remainder when 108206 is divided by 533.
7
Calculate the remainder when 600929 is divided by 383.
2
Calculate the remainder when 1579 is divided by 83.
2
Calculate the remainder when 39956 is divided by 512.
20
Calculate the remainder when 699 is divided by 489.
210
Calculate the remainder when 100664 is divided by 1459.
1452
Calculate the remainder when 26418 is divided by 5279.
23
Calculate the remainder when 5060 is divided by 239.
41
Calculate the remainder when 29702 is divided by 65.
62
Calculate the remainder when 3565 is divided by 318.
67
Calculate the remainder when 34982 is divided by 312.
38
Calculate the remainder when 9068699 is divided by 285.
284
What is the remainder when 184123 is divided by 86?
83
What is the remainder when 461920 is divided by 539?
536
Calculate the remainder when 14709 is divided by 2934.
39
What is the remainder when 32897 is divided by 126?
11
Calculate the remainder when 133379 is divided by 234.
233
What is the remainder when 124705 is divided by 580?
5
Calculate the remainder when 6570 is divided by 32.
10
Calculate the remainder when 4276533 is divided by 33.
30
Calculate the remainder when 78525 is divided by 134.
1
What is the remainder when 519423 is divided by 2045?
2038
Calculate the remainder when 14073 is divided by 252.
213
What is the remainder when 320303 is divided by 1953?
11
Calculate the remainder when 15564 is divided by 362.
360
Calculate the remainder when 1015 is divided by 259.
238
Calculate the remainder when 4373 is divided by 546.
5
Calculate the remainder when 19012 is divided by 100.
12
Calculate the remainder when 56808 is divided by 448.
360
Calculate the remainder when 480517 is divided by 238.
233
What is the remainder when 383 is divided by 170?
43
Calculate the remainder when 664 is divided by 101.
58
What is the remainder when 53012 is divided by 26500?
12
What is the remainder when 817934 is divided by 112?
110
Calculate the remainder when 2997 is divided by 1444.
109
What is the remainder when 4617 is divided by 754?
93
What is the remainder when 6602 is divided by 1098?
14
Calculate the remainder when 1668 is divided by 813.
42
What is the remainder when 2351 is divided by 1143?
65
Calculate the remainder when 55120 is divided by 13778.
8
Calculate the remainder when 3771 is divided by 466.
43
Calculate the remainder when 386327 is divided by 10.
7
Calculate the remainder when 2666 is divided by 179.
160
What is the remainder when 34711 is divided by 34700?
11
What is the remainder when 18771 is divided by 3752?
11
Calculate the remainder when 8363 is divided by 141.
44
Calculate the remainder when 1334 is divided by 5.
4
What is the remainder when 10789 is divided by 302?
219
Calculate the remainder when 14711 is divided by 226.
21
What is the remainder when 240147 is divided by 75?
72
Calculate the remainder when 33383 is divided by 3033.
20
Calculate the remainder when 162743 is divided by 23.
18
What is the remainder when 1066 is divided by 285?
211
Calculate the remainder when 19705 is divided by 2807.
56
What is the remainder when 101904 is divided by 16978?
36
What is the remainder when 13764 is divided by 3440?
4
What is the remainder when 183006 is divided by 301?
299
Calculate the remainder when 45055 is divided by 751.
746
What is the remainder when 3750 is divided by 945?
915
What is the remainder when 971 is divided by 483?
5
Calculate the remainder when 11841 is divided by 2926.
137
What is the remainder when 507281 is divided by 2834?
2829
Calculate the remainder when 3899 is divided by 776.
19
Calculate the remainder when 58783 is divided by 12.
7
What is the remainder when 2211 is divided by 701?
108
Calculate the remainder when 2676 is divided by 653.
64
Calculate the remainder when 34403 is divided by 122.
121
Calculate the remainder when 10982 is divided by 1821.
56
What is the remainder when 151326 is divided by 4728?
30
Calculate the remainder when 7560 is divided by 1888.
8
What is the remainder when 11780 is divided by 14?
6
Calculate the remainder when 13068 is divided by 4348.
24
What is the remainder when 8877 is divided by 8865?
12
What is the remainder when 19701 is divided by 19701?
0
What is the remainder when 44879 is divided by 26?
3
What is the remainder when 14375 is divided by 1093?
166
Calculate the remainder when 31361 is divided by 170.
81
Calculate the remainder when 498 is divided by 254.
244
Calculate the remainder when 1313828 is divided by 28561.
22
Calculate the remainder when 2306 is divided by 457.
21
Calculate the remainder when 10952 is divided by 360.
152
Calculate the remainder when 7366 is divided by 461.
451
Calculate the remainder when 29806 is divided by 499.
365
What is the remainder when 17843 is divided by 165?
23
Calculate the remainder when 4268 is divided by 286.
264
Calculate the remainder when 2118 is divided by 1058.
2
What is the remainder when 92139 is divided by 92135?
4
Calculate the remainder when 10978 is divided by 51.
13
What is the remainder when 176980 is divided by 1639?
1607
What is the remainder when 46087 is divided by 7660?
127
What is the remainder when 4711 is divided by 138?
19
Calculate the remainder when 35637 is divided by 869.
8
What is the remainder when 780466 is divided by 13?
11
What is the remainder when 2017423 is divided by 504353?
11
Calculate the remainder when 2944 is divided by 709.
108
Calculate the remainder when 14581 is divided by 736.
597
Calculate the remainder when 119252 is divided by 4416.
20
Calculate the remainder when 22382 is divided by 895.
7
Calculate the remainder when 57663 is divided by 11.
1
Calculate the remainder when 237703 is divided by 344.
343
What is the remainder when 300741 is divided by 36?
33
Calculate the remainder when 14745 is divided by 547.
523
What is the remainder when 8055 is divided by 69?
51
What is the remainder when 76168 is divided by 306?
280
What is the remainder when 15879 is divided by 119?
52
What is the remainder when 15356 is divided by 3819?
80
Calculate the remainder when 30312 is divided by 286.
282
What is the remainder when 7261 is divided by 381?
22
What is the remainder when 4279 is divided by 142?
19
What is the remainder when 857 is divided by 115?
52
What is the remainder when 7811 is divided by 124?
123
Calculate the remainder when 1134553 is divided by 189090.
13
Calculate the remainder when 24150 is divided by 4023.
12
Calculate the remainder when 9183 is divided by 3057.
12
Calculate the remainder when 30305 is divided by 38.
19
Calculate the remainder when 5868 is divided by 83.
58
What is the remainder when 100315 is divided by 357?
355
What is the remainder when 76589 is divided by 690?
689
Calculate the remainder when 25899 is divided by 36.
15
What is the remainder when 8153 is divided by 134?
113
Calculate the remainder when 4107 is divided by 672.
75
What is the remainder when 45817 is divided by 186?
61
What is the remainder when 661 is divided by 100?
61
What is the remainder when 1132579 is divided by 103?
94
What is the remainder when 12907 is divided by 643?
47
What is the remainder when 1669 is divided by 630?
409
Calculate the remainder when 6665 is divided by 678.
563
Calculate the remainder when 1309 is divided by 273.
217
Calculate the remainder when 6598 is divided by 6587.
11
Calculate the remainder when 291954 is divided by 2.
0
Calculate the remainder when 1779 is divided by 995.
784
What is the remainder when 2438 is divided by 2210?
228
What is the remainder when 32117 is divided by 146?
143
Calculate the remainder when 1741813 is divided by 17.
10
What is the remainder when 63233 is divided by 21076?
5
What is the remainder when 7081 is divided by 208?
9
Calculate the remainder when 183103 is divided by 17.
13
What is the remainder when 927 is divided by 126?
45
Calculate the remainder when 13995 is divided by 173.
155
Calculate the remainder when 6816 is divided by 124.
120
What is the remainder when 297 is divided by 172?
125
What is the remainder when 3782 is divided by 2276?
1506
What is the remainder when 695957 is divided by 40?
37
What is the remainder when 4053 is divided by 41?
35
What is the remainder when 416445 is divided by 96?
93
Calculate the remainder when 9755 